of 10055648 and 12.
4
Calculate the highest common factor of 4101 and 100710991.
1367
What is the greatest common factor of 6187 and 3118547?
23
What is the highest common factor of 89474 and 506?
22
What is the highest common divisor of 271155564 and 149?
149
What is the highest common factor of 3825065 and 37840?
215
What is the highest common factor of 1012 and 131744437?
253
Calculate the highest common divisor of 1471325 and 3893.
229
What is the highest common divisor of 13699 and 2546057?
1957
Calculate the highest common factor of 353655 and 181105.
145
Calculate the greatest common divisor of 28 and 5261732.
28
Calculate the greatest common divisor of 9947982 and 1653.
57
What is the greatest common factor of 2851064 and 380?
76
What is the greatest common divisor of 1278 and 123210?
18
What is the highest common factor of 137370 and 7410?
570
Calculate the highest common factor of 579523 and 2793.
49
Calculate the greatest common divisor of 8820 and 548415.
315
Calculate the highest common factor of 68971041 and 4868.
1217
Calculate the highest common factor of 622 and 60094841.
311
Calculate the highest common divisor of 66420 and 7298.
82
What is the highest common factor of 11350464 and 192?
192
What is the greatest common factor of 15536157 and 2457?
273
Calculate the greatest common factor of 114 and 101358.
6
What is the highest common divisor of 336 and 5433400?
56
What is the greatest common factor of 913913 and 6521476?
1079
What is the highest common divisor of 163 and 26508527?
163
Calculate the greatest common factor of 648249035 and 116.
29
What is the highest common divisor of 26280 and 1374456?
24
Calculate the highest common factor of 460750 and 115254.
38
Calculate the highest common factor of 5816250 and 204534.
198
Calculate the highest common divisor of 1577115362 and 94.
94
Calculate the greatest common factor of 60679569 and 24171.
3453
Calculate the highest common factor of 40 and 137799240.
40
Calculate the highest common factor of 24831 and 2306493.
279
What is the highest common divisor of 37910244 and 17556?
228
What is the highest common divisor of 108405 and 264?
33
What is the highest common divisor of 1540902 and 1326006?
2442
Calculate the highest common divisor of 466764 and 114.
6
Calculate the greatest common factor of 2810 and 313930.
10
Calculate the highest common factor of 7155 and 12112515.
45
What is the greatest common divisor of 6326524 and 1276?
116
Calculate the highest common divisor of 115822 and 16548.
14
Calculate the highest common factor of 4580 and 2852424.
916
What is the highest common factor of 538981200 and 1200?
1200
Calculate the highest common factor of 2160 and 22159920.
240
What is the highest common divisor of 10 and 13459755?
5
Calculate the highest common divisor of 21508 and 13661.
19
What is the highest common divisor of 819183224 and 1168?
584
Calculate the highest common factor of 68480695 and 5.
5
What is the greatest common divisor of 70535586 and 66?
66
Calculate the highest common factor of 32 and 40623520.
32
What is the greatest common divisor of 17134869 and 3?
3
Calculate the highest common divisor of 202004 and 88.
44
Calculate the highest common factor of 12881 and 18974884.
1171
What is the greatest common factor of 1224 and 50742?
18
Calculate the highest common factor of 5236816 and 1853.
17
What is the highest common factor of 405 and 13543470?
135
What is the highest common factor of 56860490 and 222?
74
Calculate the greatest common divisor of 1175 and 179860775.
1175
What is the highest common divisor of 604439 and 88?
11
Calculate the highest common divisor of 2394195 and 738.
123
What is the greatest common factor of 35428068 and 468?
468
Calculate the highest common factor of 119620432 and 680.
136
Calculate the greatest common divisor of 46 and 80086322.
46
Calculate the greatest common factor of 231093 and 67838.
317
Calculate the highest common factor of 52 and 7164898.
26
What is the greatest common divisor of 68817 and 688961?
791
What is the greatest common factor of 2033000 and 25600?
200
Calculate the highest common factor of 96 and 28100568.
24
Calculate the greatest common divisor of 4905 and 43992.
9
What is the greatest common factor of 293910 and 99990?
3030
What is the highest common divisor of 18871 and 141115?
167
Calculate the greatest common divisor of 110 and 649014.
2
What is the highest common divisor of 4854480 and 24344?
1432
What is the greatest common divisor of 50799 and 525?
21
Calculate the greatest common divisor of 37 and 76696190.
37
What is the greatest common factor of 2213282 and 26009?
839
Calculate the greatest common divisor of 11361178 and 886.
886
Calculate the greatest common divisor of 13548 and 55020686.
2258
What is the highest common factor of 2117 and 1489346?
73
What is the highest common divisor of 546 and 612934?
14
What is the greatest common divisor of 3441 and 165135884?
1147
What is the highest common factor of 8988 and 2247428?
428
What is the highest common factor of 72794 and 154969862?
4282
What is the highest common divisor of 146232405 and 225?
45
What is the greatest common divisor of 126 and 36395520?
42
What is the highest common divisor of 2829978 and 228906?
1458
Calculate the greatest common factor of 30502 and 19135258.
202
What is the highest common divisor of 3192528 and 430710?
1758
Calculate the highest common divisor of 222958176 and 240.
48
Calculate the greatest common divisor of 36593193 and 914151.
9051
Calculate the greatest common divisor of 3321472 and 128.
128
Calculate the highest common factor of 1131 and 102747.
87
What is the highest common divisor of 13825294 and 998?
998
What is the greatest common factor of 118409204 and 145?
29
Calculate the greatest common factor of 4399593 and 22.
11
Calculate the highest common factor of 152558 and 33332.
1282
What is the greatest common factor of 51211 and 690423?
617
What is the highest common divisor of 1664 and 24696256?
832
What is the greatest common divisor of 2065 and 844467?
59
Calculate the highest common factor of 31202692 and 172.
172
Calculate the greatest common factor of 171256966 and 14498.
1318
Calculate the highest common divisor of 4790 and 117592105.
2395
Calculate the greatest common factor of 36 and 116455428.
36
Calculate the greatest common divisor of 6109 and 767930.
41
What is the highest common divisor of 45974887 and 49?
49
What is the greatest common factor of 3298 and 3892998?
194
What is the highest common divisor of 3359507 and 923?
71
What is the highest common divisor of 40 and 5283488?
8
What is the greatest common divisor of 7 and 281750987?
7
Calculate the greatest common divisor of 694659 and 20748.
399
What is the highest common factor of 694562 and 2666906?
5302
Calculate the highest common factor of 1575 and 5927425.
175
Calculate the highest common factor of 219852 and 316973.
197
Calculate the highest common divisor of 1131 and 13279448.
377
What is the highest common factor of 6575481 and 891?
99
Calculate the highest common divisor of 2150755 and 76840.
85
What is the greatest common divisor of 2378208 and 700?
28
What is the greatest common divisor of 24 and 84317916?
12
What is the greatest common factor of 19701 and 21278871?
1791
Calculate the highest common divisor of 479358 and 20982.
1614
What is the highest common factor of 25536 and 36638784?
1344
What is the highest common divisor of 1178 and 1960477?
19
What is the highest common factor of 770616 and 131656?
56
What is the highest common divisor of 39837677 and 187?
11
What is the greatest common divisor of 15892498 and 11218?
142
What is the highest common divisor of 18350 and 304075?
25
What is the greatest common divisor of 144794968 and 4280?
856
What is the greatest common factor of 827730 and 6562?
34
Calculate the highest common divisor of 2942290 and 94014.
3482
Calculate the highest common divisor of 15845 and 8805.
5
What is the greatest common factor of 390 and 6400758?
78
Calculate the greatest common divisor of 3947550875 and 2125.
2125
What is the highest common divisor of 2514426454 and 146?
146
What is the greatest common divisor of 149688 and 472296?
264
Calculate the greatest common factor of 4209 a